 What is u(-13)?
-116
Let m(y) = -13*y - 758. Give m(-60).
22
Let j(k) = 213*k + 218. What is j(-1)?
5
Let q(x) = -x + 36. Determine q(24).
12
Let n(k) = 6*k**3 - 132*k**2 - 2*k + 57. What is n(22)?
13
Let p(d) = 19*d**2 - 2305*d + 724. Calculate p(121).
-2
Let c(u) = 2*u**3 - 18*u**2 + 6*u + 5. What is c(9)?
59
Let x(o) = o**3 - 96*o**2 - o + 306. What is x(96)?
210
Let i(t) = 81*t + 309. What is i(-3)?
66
Let d(k) = -2*k**2 - 25*k - 63. What is d(-8)?
9
Let g(f) = 51*f - 55. Calculate g(-10).
-565
Let k(y) = 21*y**3 + 2*y**2 - 3*y - 5. Calculate k(-1).
-21
Let h(w) = -2*w**3 + 128*w**2 + 126*w + 235. Determine h(65).
-25
Let s(b) = -14*b + 1032. Calculate s(73).
10
Let l(p) = -17*p + 997. Determine l(57).
28
Let g(q) = -6*q**2 + 252*q - 45. What is g(42)?
-45
Let w(o) = 2*o**3 - 38*o**2 - 46*o - 15. Give w(19).
-889
Let g(y) = y**3 - 29*y**2 + 59*y - 131. Determine g(27).
4
Let t(n) = -4*n**2 + 1166*n + 8350. Give t(-7).
-8
Let n(o) = -7*o + 52. Determine n(-23).
213
Let s(x) = x**3 + 22*x**2 + 83*x + 735. Calculate s(-19).
241
Let f(m) = 653*m - 22207. Calculate f(34).
-5
Let v(d) = -136*d - 7. What is v(2)?
-279
Let k(b) = -b**2 + 9*b - 9. Give k(18).
-171
Let d(i) = 3*i**3 - i**2 + 14*i - 29. What is d(2)?
19
Let c(a) = a**3 + 27*a**2 - 16*a - 386. What is c(-27)?
46
Let f(d) = -9*d**2 + 13*d - 47. Give f(4).
-139
Let i(j) = -j**3 + 23*j**2 - 103*j + 3059. Determine i(24).
11
Let u(p) = p**2 - 112*p + 2659. Determine u(78).
7
Let r(b) = -821*b - 6. Determine r(0).
-6
Let c(d) = 86*d**2 + 2*d + 1. What is c(-1)?
85
Let w(z) = -6*z**2 + 69*z - 52. Calculate w(11).
-19
Let j(z) = -4*z**2 + 30*z + 59. Calculate j(8).
43
Let w(f) = 31*f - 40. Calculate w(-1).
-71
Let f(w) = -w**3 - 14*w**2 - 6*w - 55. Give f(-14).
29
Let s(l) = -22*l + 35. Determine s(2).
-9
Let l(t) = -967*t - 551. Give l(-1).
416
Let j(r) = -r**2 + 40*r + 227. Give j(-6).
-49
Let c(d) = -d**2 + 55*d + 446. Give c(-8).
-58
Let v(y) = y**3 - 41*y**2 + 80*y - 63. What is v(39)?
15
Let u(w) = -93*w - 82. Calculate u(7).
-733
Let b(h) = -24*h + 2262. Give b(86).
198
Let z(n) = 50*n - 120. Calculate z(4).
80
Let c(p) = -5*p**2 - 22*p - 83. What is c(-9)?
-290
Let d(k) = 20*k**2 - 6*k - 55. What is d(-2)?
37
Let l(b) = -b**3 - 64*b**2 + b + 210. Calculate l(-64).
146
Let z(n) = 40*n**3 + 4*n**2 + 12*n + 4. Determine z(-2).
-324
Let i(h) = -6*h**2 - 27*h + 9. Determine i(-6).
-45
Let g(b) = 7*b**2 + 62*b - 262. Calculate g(4).
98
Let s(j) = 8747*j - 34996. Give s(4).
-8
Let a(k) = k**3 - 7*k**2 - 30*k + 76. Give a(9).
-32
Let p(z) = -z**3 + 14*z**2 - 60*z + 176. What is p(7)?
99
Let v(q) = -q**3 + 40*q**2 - 51*q + 492. What is v(39)?
24
Let n(d) = 39*d - 1146. Determine n(29).
-15
Let x(q) = 34*q + 42. Determine x(-10).
-298
Let f(p) = -3*p**3 - 6*p**2 + 121*p + 371. Determine f(-3).
35
Let j(a) = -2*a**3 + 12*a**2 + 10*a + 4. Give j(6).
64
Let b(s) = 2*s**2 - 1721*s + 13639. Give b(8).
-1
Let w(d) = 14*d**2 - 14*d - 132. Determine w(-5).
288
Let y(f) = -f**3 + 3*f**2 + 44*f + 29. What is y(9)?
-61
Let d(s) = -s**2 - 307*s + 3826. Give d(12).
-2
Let u(m) = m**3 - 78*m**2 + 1487*m - 7. What is u(45)?
83
Let z(h) = -h**2 - 49*h + 660. Calculate z(-60).
0
Let j(g) = g + 119. Calculate j(-26).
93
Let t(r) = r**3 + r**2 + 19*r - 6. What is t(5)?
239
Let i(c) = c**2 - 33*c + 200. Determine i(26).
18
Let a(t) = -36*t - 111. Determine a(-11).
285
Let y(n) = -n**2 + 81*n + 53. Calculate y(81).
53
Let q(r) = -507*r + 6600. What is q(13)?
9
Let q(c) = -83*c - 630. Determine q(-7).
-49
Let h(u) = -u**3 + 33*u**2 + 282*u - 65. What is h(40)?
15
Let r(j) = j**3 + 36*j**2 + 37*j + 75. Give r(-35).
5
Let k(p) = -43*p**3 + 92*p**2 - 11*p + 4. Give k(2).
6
Let m(v) = 58*v + 509. Determine m(-8).
45
Let r(n) = n**2 - 223*n - 1867. Give r(-8).
-19
Let c(b) = -12*b - 443. Give c(-39).
25
Let m(z) = 4*z**3 - 2*z**2 - 9*z + 44. What is m(3)?
107
Let z(x) = 622*x**2 - 5606*x + 58. Calculate z(9).
-14
Let q(o) = -4*o**2 - 58*o + 25. Calculate q(-15).
-5
Let n(b) = -b**2 - 63*b - 312. What is n(-5)?
-22
Let a(l) = -170*l + 3741. What is a(22)?
1
Let j(d) = -170*d + 2529. Calculate j(14).
149
Let a(w) = w**2 - 73. What is a(-8)?
-9
Let t(n) = -2872*n**2 + 2876*n + 2. Give t(1).
6
Let h(t) = 874*t**3 + 12*t**2 + 13*t + 2. What is h(-1)?
-873
Let a(y) = 6*y + 41. What is a(2)?
53
Let g(q) = q**2 - 92*q + 1001. Calculate g(76).
-215
Let n(l) = -l**2 + 364*l - 5929. Calculate n(17).
-30
Let a(l) = -2*l**3 + 10*l**2 - 216*l + 1092. Determine a(5).
12
Let q(s) = 13*s**2 + 15*s + 95. What is q(-6)?
473
Let j(x) = x**2 - 76*x + 696. What is j(27)?
-627
Let t(v) = 190*v + 11410. Give t(-60).
10
Let h(k) = 2*k**3 - 19*k**2 + 44*k + 10. Determine h(4).
10
Let s(k) = -12*k**2 + 86*k + 24. Calculate s(7).
38
Let j(v) = -v**3 - 38*v**2 + 211*v - 184. Give j(-43).
-12
Let s(q) = q**3 + 12*q**2 + 40*q + 936. Give s(-14).
-16
Let n(u) = -u**3 - 4*u**2 - 2*u + 14. What is n(3)?
-55
Let f(w) = 14*w**2 - 54*w + 30. Determine f(4).
38
Let i(t) = -13*t**2 - 2*t + 43. Determine i(-4).
-157
Let d(s) = -3*s**2 - 158*s - 800. Calculate d(-7).
159
Let b(r) = r**3 + 11*r**2 + 159*r + 1504. Determine b(-10).
14
Let s(r) = r**3 - 13*r**2 + 42*r - 28. Give s(4).
-4
Let d(q) = 2*q**3 + 24*q**2 + 10*q + 4. Determine d(-10).
304
Let d(s) = 7*s**2 + 46*s - 23. Give d(-10).
217
Let o(x) = 65*x**2 + 5*x - 9. Calculate o(2).
261
Let v(i) = -96*i - 43. What is v(0)?
-43
Let j(a) = a**3 + 28*a**2 - 31*a - 20. Give j(-29).
38
Let p(u) = 2*u**3 - 81*u**2 - 36*u - 171. Give p(41).
34
Let k(q) = -7*q**3 + 231*q**2 + 17*q - 521. Calculate k(33).
40
Let k(z) = -z**3 - 11*z**2 + 7*z - 246. Give k(-13).
1
Let b(s) = s**3 - 22*s**2 - 46*s - 44. Give b(24).
4
Let c(m) = -36*m**3 + 513*m**2 - 129*m + 43. Calculate c(14).
1
Let d(o) = -3*o**3 - 30*o**2 - 19*o - 214. Calculate d(-10).
-24
Let x(f) = 4*f - 264. Determine x(68).
8
Let s(n) = 18*n**3 + n**2 + 18*n + 59. Give s(-3).
-472
Let k(j) = -j**3 + 9*j**2 + 52*j - 11. What is k(13)?
-11
Let z(d) = -20*d**2 + 14*d + 60. What is z(2)?
8
Let f(z) = -201*z + 382. Determine f(2).
-20
Let i(w) = -2*w**3 + 204*w**2 - 13*w + 1333. Give i(102).
7
Let n(u) = -u**2 - 5*u - 29. What is n(0)?
-29
Let b(m) = 1367*m - 1349. Calculate b(1).
18
Let f(l) = 2*l**2 - 29*l + 19. What is f(19)?
190
Let l(p) = -56*p**2 + 159*p + 33. Determine l(3).
6
Let m(j) = -52*j**2 - 2*j - 4. Determine m(0).
-4
Let n(q) = q**3 - 26*q**2 + 63*q + 94. What is n(23)?
-44
Let u(n) = -n**3 + 46*n**2 - 42*n - 128. Determine u(45).
7
Let y(b) = 61*b - 348. Calculate y(4).
-104
Let p(g) = 9*g + 190. What is p(-10)?
100
Let c(k) = 2*k**3 - 72*k**2 - 219*k - 578. Give c(39).
7
Let a(p) = p**3 - 12*p**2 - 12*p - 3. Give a(13).
10
Let b(k) = k**2 - 98*k - 166. What is b(0)?
-166
Let o(c) = -3*c + 570. Calculate o(194).
-12
Let o(m) = 14*m - 340. Calculate o(18).
-88
Let z(g) = -4*g**2 + 189*g + 99. Calculate z(52).
-889
Let s(l) = l**3 - 5*l**2 - 8*l - 12. Determine s(-5).
-222
Let o(n) = -12*n**2 - 207*n - 229. Calculate o(-16).
11
Let r(b) = 5*b**3 - 11*b**2 - 26*b + 7. Calculate r(-2).
-25
Let b(h) = 2*h**2 + 33*h - 281. Calculate b(7).
48
Let y(s) = 2*s**3 - 39*s**2 + 24*s + 52. What is y(19)?
147
Let z(m) = -m**2 + 24*m - 47. What is z(22)?
-3
Let u(w) = -6*w**2 + 1993*w - 3973. What is u(2)?
-11
Let x(q) = 3*q**3 - 94*q**2 + 414*q + 14. Calculate x(26).
-38
Let j(h) = -782*h - 10948. Give j(-14).
0
Let t(r) = 194*r**2 + 3683*r - 60. Calculate t(-19).
-3
Let v(o) = 264*o - 10564. Give v(40).
-4
Let o(p) = -7*p**2 + 7*p + 17. Give o(4).
-67
Let m(c) = -2*c**2 + 541*c + 1635. Determine m(-3).
-6
Let i(r) = 80*r + 566. Determine i(-7).
6
Let m(n) = n**2 + 21*n - 3. Calculate m(-9).
-111
Let r(n) = n**3 + 13*n**2 - 33*n - 24. Determine r(-11).
581
Let f(t) = -120*t - 919. Determine f(-8).
41
Let m(z) = -z**3 - 9*z**2 - 337*z - 2624. Give m(-8).
8
Let w(j) = -7*j**3 - 285*j**2 - 201*j - 46. Determine w(-40).
-6
Let z(y) = -155*y + 287. What is z(2)?
-23
Let t(q) = -q**3 - 41*q**2 + 19*q + 52. Determine t(-41).
-727
Let y(a) = 2*a**2 + 53*a + 122. What is y(-24)?
2
Let q(m) = m**3 + 6*m**2 + 14*m - 4. Calculate q(-2).
-16
Let p(k) = -k**3 - 2*k**2 + 26*k + 13. What is p(-6)?
1
Let w(z) = -z**3 - 14*z**2 - 17*z - 106. Determine w(-14).
132
Let r(b) =